(-666).
-19
Let q(h) = 1282*h**2 + 69230*h + 77. Give q(-54).
-31
Let g(t) = 15*t**2 + 82*t - 76. Calculate g(1).
21
Let j(w) = 2*w**2 + 1186*w + 25123. What is j(-571)?
-1
Let v(z) = -1439*z + 11613. Determine v(8).
101
Let z(a) = 3242*a**2 - 42136*a - 177. Calculate z(13).
-47
Let s(w) = -w**3 - 25*w**2 - 143*w - 88. Determine s(-6).
86
Let d(z) = 2*z**3 - 111*z**2 - 180*z + 300. Determine d(57).
-213
Let k(z) = 19624*z**2 + 1040079*z + 372. Determine k(-53).
1
Let h(f) = 81*f**3 - 3*f**2 + 410*f + 829. Determine h(-2).
-651
Let k(r) = -3873*r + 23261. What is k(6)?
23
Let o(p) = p**3 - 31*p**2 + 4147*p - 123502. Determine o(30).
8
Let s(r) = 26*r**2 - 6367*r - 12736. Give s(-2).
102
Let q(l) = 10052*l - 30143. Give q(3).
13
Let d(m) = m**3 + 5*m**2 + 21*m + 1722. Calculate d(0).
1722
Let y(i) = -4*i**2 - 653*i + 46650. Give y(-217).
-5
Let s(a) = -2*a**3 + 2067*a**2 + 68187*a - 156. Determine s(-32).
4
Let x(r) = -57101*r + 27522684. Give x(482).
2
Let h(t) = t**2 + 12515*t - 187759. Calculate h(15).
191
Let j(d) = -263*d + 2693. What is j(10)?
63
Let m(d) = 28*d**2 - 204*d + 801. Calculate m(4).
433
Let h(n) = 356*n + 114271. Calculate h(-320).
351
Let a(f) = -32444*f + 2855070. What is a(88)?
-2
Let a(b) = 4*b**3 - 891*b**2 - 1930*b + 380641. Determine a(223).
-20
Let k(f) = -20051*f - 83. Calculate k(0).
-83
Let a(p) = 238*p + 8528. Give a(-36).
-40
Let s(b) = 1064*b - 10708. What is s(10)?
-68
Let o(h) = 162*h - 1564. Calculate o(7).
-430
Let i(n) = n**3 + 16*n**2 - 1035*n + 4724. Calculate i(5).
74
Let o(s) = -51*s**2 - 328*s + 1447. Calculate o(5).
-1468
Let w(r) = -4961*r - 749108. Determine w(-151).
3
Let z(a) = 6*a**3 - 5*a**2 + 313*a - 860. What is z(3)?
196
Let p(m) = -m**2 - 2048*m - 6110. Give p(-3).
25
Let z(w) = 1529*w + 241733. Determine z(-158).
151
Let b(u) = 49067*u - 343453. Determine b(7).
16
Let x(o) = -4*o**3 + 85*o**2 + 85*o - 16. Determine x(22).
402
Let x(q) = 21147*q - 42267. Give x(2).
27
Let g(z) = -2*z**2 - 315*z - 2369. Calculate g(-8).
23
Let t(a) = -418*a - 486. Determine t(3).
-1740
Let j(v) = -2*v**3 - 156*v**2 + 80*v - 5440. Give j(-79).
722
Let b(x) = 1038*x - 8680. What is b(7)?
-1414
Let b(i) = 958*i**2 - 58*i + 61. Give b(1).
961
Let z(q) = -156*q - 5636. What is z(-37)?
136
Let j(f) = -50*f**2 + 2579*f + 1113. Determine j(52).
21
Let q(f) = 2640*f - 47749. Give q(18).
-229
Let i(x) = 3*x**2 + 11*x - 174. Calculate i(11).
310
Let i(y) = y**3 + 13*y**2 - 277*y - 2797. Calculate i(-10).
273
Let g(r) = -6*r**3 + 1666*r**2 + 565*r - 2505. Calculate g(278).
-3
Let m(b) = 2*b**2 - 660*b + 42603. Give m(88).
11
Let b(w) = w**3 - 82*w**2 + 1359*w + 1880. What is b(58)?
-34
Let k(r) = 415*r - 33892. Calculate k(81).
-277
Let o(k) = -19*k**2 - 6702*k - 50716. What is o(-345)?
-1
Let i(z) = -z**3 + 23*z**2 - 25*z - 293. Determine i(21).
64
Let d(t) = -t**2 + 56*t + 720. What is d(70)?
-260
Let a(x) = 1397*x - 1385. Determine a(3).
2806
Let d(b) = 39*b**2 - 3550*b + 6949. What is d(2)?
5
Let h(w) = 137748*w - 15152261. Determine h(110).
19
Let d(q) = -4*q**3 - 6*q**2 - 9*q - 28. What is d(-3)?
53
Let d(k) = 233*k**2 - 9571*k + 742. Give d(41).
4
Let x(w) = -5*w**3 + 22*w**2 - 8*w - 47. Determine x(8).
-1263
Let t(m) = 41*m**2 - 4*m - 20. What is t(-2)?
152
Let w(u) = 3*u**2 - 193*u + 3980. Give w(24).
1076
Let p(b) = 8*b**2 + 249*b + 2732. Calculate p(-11).
961
Let k(b) = -b**3 - 22*b**2 - 283*b - 7046. Determine k(-23).
-8
Let u(m) = -18862*m - 56588. Give u(-3).
-2
Let y(l) = -l**3 - 51*l**2 + 170*l + 7689. Give y(-52).
1553
Let s(u) = 4280*u + 2345442. Give s(-548).
2
Let t(v) = -3298*v - 19848. Give t(-6).
-60
Let q(l) = -29*l**2 + 478*l + 1909. Give q(-4).
-467
Let s(a) = 590*a + 15946. What is s(-27)?
16
Let x(b) = -25*b**3 + 17*b**2 + 2*b - 96. Calculate x(0).
-96
Let x(k) = 2*k**3 + 128*k**2 - 134*k - 52. Calculate x(-65).
208
Let v(y) = 2*y**3 + 117*y**2 + 692*y + 820. Calculate v(-52).
-12
Let u(i) = -3986*i - 23901. Determine u(-6).
15
Let n(y) = -y**2 - 904*y - 4619. Give n(-5).
-124
Let j(w) = 2133*w**2 + 1583*w - 1581. Calculate j(1).
2135
Let c(u) = -21*u**2 + 9436*u - 12514. Determine c(448).
30
Let a(r) = -r**3 + 178*r**2 - 1928*r - 757. Give a(12).
11
Let s(h) = -218*h**3 + 16*h - 25. Calculate s(2).
-1737
Let n(t) = -t**3 + 17*t**2 + 93*t + 809. Calculate n(23).
-226
Let m(u) = -80*u**2 - 23112*u + 2380. Calculate m(-289).
68
Let x(m) = -m**3 - 51*m**2 - 284*m - 203. Determine x(-45).
427
Let b(n) = 80*n**2 - 155*n + 29. Give b(2).
39
Let b(h) = 120*h**3 - 4*h**2 - 186*h + 191. What is b(1)?
121
Let n(u) = -1994*u + 37917. What is n(19)?
31
Let u(y) = y**3 + 902*y**2 + 175184*y + 4329. Give u(-619).
-4
Let j(g) = -44*g**2 + 278*g - 374. Give j(8).
-966
Let z(x) = -5*x**2 + 44*x + 41. Determine z(9).
32
Let k(b) = -11*b**3 - 1587*b**2 - 449*b - 2439. Give k(-144).
9
Let k(q) = -830*q + 8704. Determine k(8).
2064
Let m(a) = 14668*a + 7759371. What is m(-529)?
-1
Let p(x) = -4*x**2 - 1308*x + 85870. Calculate p(56).
78
Let a(j) = j**3 - 21*j**2 + 1087*j - 9623. Calculate a(9).
-812
Let l(y) = -13*y**3 + 820*y**2 + 17*y - 5096. Calculate l(63).
-56
Let y(p) = 12833*p + 307964. What is y(-24)?
-28
Let h(o) = 131*o**2 - 509*o - 36. Calculate h(4).
24
Let l(j) = -11*j**3 - 132*j**2 - 25*j + 42. Give l(-12).
342
Let z(c) = -2190*c - 254055. What is z(-116)?
-15
Let s(t) = -25*t**3 - 749*t**2 + 58*t + 876. Determine s(-30).
36
Let f(z) = 7*z**3 + 2*z**2 - 8*z - 14. Determine f(-1).
-11
Let o(l) = -55000*l - 329997. Give o(-6).
3
Let c(d) = 11539*d - 542342. What is c(47)?
-9
Let p(m) = -365*m**2 + 3919*m - 2735. Give p(10).
-45
Let h(a) = -285*a - 2986. Determine h(-15).
1289
Let w(t) = -39*t**2 + 186*t - 964. What is w(5)?
-1009
Let s(m) = -2*m**3 + 144*m**2 + 155*m - 670. Give s(73).
-13
Let u(q) = 14*q**3 + 12*q**2 - 35*q - 83. Give u(-4).
-647
Let y(b) = -2488279*b - 2. Give y(0).
-2
Let i(z) = 2008*z**3 + 9*z**2 - 10*z - 19. Calculate i(-1).
-2008
Let y(v) = -3*v**3 + 1187*v**2 - 29518*v - 738. Give y(369).
0
Let v(y) = y**3 + 46*y**2 - 713*y - 1028. What is v(-58)?
-42
Let f(a) = 21*a**2 + 285*a - 1885. Determine f(9).
2381
Let p(a) = -a**3 + 43*a**2 - 94*a + 188. Determine p(41).
-304
Let k(s) = s**3 - 28*s**2 - 76*s + 506. What is k(30)?
26
Let j(h) = -260*h**2 + 4428*h - 168. Determine j(17).
-32
Let v(a) = 208*a**2 - 114400*a + 27. Calculate v(550).
27
Let v(c) = 199*c + 10716. Give v(-52).
368
Let w(c) = -152827*c - 2139548. Give w(-14).
30
Let j(o) = -o**3 + 369*o**2 - 1437*o - 89. What is j(4)?
3
Let z(c) = -23*c**2 + 1499*c - 231. Determine z(65).
29
Let i(l) = 12*l**2 + 426*l + 1328. Determine i(-32).
-16
Let l(n) = 15*n**3 - 224*n**2 + 788*n - 12051. What is l(15)?
-6
Let r(d) = d**3 - 41*d**2 + 94*d + 3217. Give r(36).
121
Let y(s) = -12*s**2 + 47*s + 981. Calculate y(-13).
-1658
Let a(q) = -977*q + 56344. Give a(58).
-322
Let x(y) = -y**2 - 120*y - 2782. Determine x(-32).
34
Let t(v) = 3088*v**2 + 58650*v - 422. What is t(-19)?
-4
Let k(b) = 3*b**3 - 15*b**2 + 3*b + 69. Calculate k(4).
33
Let a(o) = -83551*o + 835505. Calculate a(10).
-5
Let f(j) = -j**2 + 366256*j + 1465035. Give f(-4).
-5
Let b(n) = 343429*n - 17171445. What is b(50)?
5
Let q(t) = -t**3 + 15*t**2 - 85*t + 2139. Calculate q(17).
116
Let l(i) = -10842*i - 791628. Determine l(-73).
-162
Let x(t) = -t**2 - 31830*t + 222834. Calculate x(7).
-25
Let v(g) = -2*g**3 - 14*g**2 - 70*g - 268. Give v(-7).
222
Let g(i) = -2*i**3 - 123*i**2 - 508*i + 133. What is g(-57)?
-152
Let g(f) = -721*f - 101887. Determine g(-141).
-226
Let x(j) = -2*j**3 + 58*j**2 + 17439*j - 473779. Determine x(27).
-10
Let h(p) = 81*p**3 - 244*p**2 + 7*p - 3. Give h(3).
9
Let m(n) = n**2 - 13917*n - 3081441. Calculate m(-218).
-11
Let w(a) = -933*a + 11822. Calculate w(13).
-307
Let s(o) = -o**3 + 129*o**2 - 271*o + 18313. Calculate s(128).
9
Let r(m) = m**3 + 2*m**2 + 60*m - 254. Give r(12).
2482
Let z(k) = -128*k + 1793. Give z(52).
-4863
Let j(m) = 99017*m + 99045. Give j(-1).
28
Let h(z) = z**3 + 10*z**2 + 340*z + 3842. Determine h(-11).
-19
Let o(q) = -63847*q - 957453. Give o(-15).
252
Let h(p) = -p**3 - 46*p**2 - 411*p + 1116. Determine h(-16).
12
Let q(n) = -n**3 - 23532*n**2 + 94160*n - 32. Calculate q(4).
32
Let r(w) = -2*w**3 + 5*w**2 - 5